e number?
True
Is 7317467 prime?
False
Is 242092943 prime?
False
Is 14140577 a composite number?
True
Is 55156883 prime?
False
Is 71847211 a composite number?
True
Is 17559653 a composite number?
False
Is 2798063 prime?
False
Is 150526039 a prime number?
True
Is 6284347 composite?
False
Is 135522259 composite?
True
Is 3510931 a composite number?
True
Is 3780313 prime?
True
Is 60665807 a composite number?
False
Is 30680989 prime?
False
Is 15448963 a prime number?
True
Is 73790131 a prime number?
False
Is 2893969 composite?
True
Is 57162769 a composite number?
True
Is 753218 prime?
False
Is 40161997 a composite number?
True
Is 16555919 a prime number?
True
Is 244839703 a composite number?
True
Is 846469823 composite?
False
Is 2106983 a prime number?
True
Is 1058601 prime?
False
Is 4433953 a composite number?
False
Is 2913217 a composite number?
True
Is 48187837 prime?
False
Is 76339 composite?
True
Is 6487862 prime?
False
Is 9029971 a prime number?
True
Is 41969267 a prime number?
False
Is 1646503 prime?
False
Is 399397 composite?
True
Is 6079019 composite?
True
Is 53403554 a composite number?
True
Is 13809533 a prime number?
True
Is 4047451 a prime number?
False
Is 127009117 composite?
False
Is 2779 a composite number?
True
Is 19894951 composite?
True
Is 358981 a composite number?
True
Is 14614187 a composite number?
True
Is 33383131 composite?
False
Is 924071 composite?
True
Is 56472509 a prime number?
True
Is 215573 a composite number?
False
Is 243490679 a prime number?
True
Is 2293367 prime?
True
Is 1517077 a prime number?
False
Is 26885899 prime?
True
Is 1967533 prime?
True
Is 439987 prime?
False
Is 7278793 composite?
False
Is 191258 a composite number?
True
Is 1350431 a prime number?
False
Is 104916397 composite?
False
Is 30242621 composite?
True
Is 81446402 composite?
True
Is 6192047 a composite number?
False
Is 83580443 composite?
True
Is 193565513 composite?
False
Is 116567941 prime?
False
Is 823661 a prime number?
False
Is 2255947 a prime number?
True
Is 1615121 composite?
False
Is 2414231 composite?
False
Is 12490547 a prime number?
True
Is 1995603 a composite number?
True
Is 1052278 a prime number?
False
Is 163729 a composite number?
False
Is 6020899 prime?
False
Is 104739497 composite?
True
Is 35621659 a prime number?
True
Is 384679 a prime number?
False
Is 5910391 prime?
False
Is 22517593 composite?
True
Is 281107 composite?
True
Is 21829 composite?
True
Is 8484313 prime?
False
Is 245083 prime?
True
Is 251906537 a prime number?
True
Is 1904041 composite?
False
Is 2793563 a composite number?
False
Is 140755 a prime number?
False
Is 151009457 composite?
True
Is 541813 a composite number?
True
Is 61073986 a composite number?
True
Is 6249151 prime?
True
Is 89487799 prime?
False
Is 24042941 composite?
True
Is 308463911 a composite number?
True
Is 16379533 composite?
False
Is 33172543 prime?
True
Is 8219103 a prime number?
False
Is 10188253 composite?
True
Is 10208323 a composite number?
False
Is 2784487 a prime number?
False
Is 178593119 composite?
False
Is 34677979 prime?
False
Is 3824219 a prime number?
False
Is 7227377 a prime number?
True
Is 11254641 a prime number?
False
Is 7854674 composite?
True
Is 17711039 prime?
False
Is 4214479 composite?
False
Is 285611 a prime number?
True
Is 25456573 a prime number?
False
Is 766715 a composite number?
True
Is 57340637 a composite number?
False
Is 374440919 prime?
False
Is 32556659 a composite number?
True
Is 7001495 a prime number?
False
Is 1324118 a prime number?
False
Is 16463869 a composite number?
True
Is 645993871 a prime number?
False
Is 34247319 composite?
True
Is 11745499 a composite number?
False
Is 10717571 a composite number?
False
Is 3412949 prime?
True
Is 3909019 a composite number?
False
Is 2516594 composite?
True
Is 1860923 composite?
False
Is 84984649 a prime number?
False
Is 4930907 a prime number?
False
Is 959475683 composite?
True
Is 10936169 a prime number?
True
Is 8006069 composite?
True
Is 33735263 a composite number?
True
Is 110664967 prime?
False
Is 1104703 prime?
True
Is 8899157 composite?
False
Is 12673489 composite?
False
Is 13517509 composite?
True
Is 58761149 composite?
False
Is 40533697 prime?
True
Is 2181899 a composite number?
True
Is 124841945 prime?
False
Is 725993 a composite number?
False
Is 367370351 a prime number?
True
Is 5680307 prime?
False
Is 6767209 prime?
False
Is 12500734 a composite number?
True
Is 7356647 prime?
True
Is 962088527 composite?
False
Is 1720891 a prime number?
False
Is 44464841 prime?
True
Is 33558337 composite?
True
Is 11839501 a composite number?
False
Is 8321723 a prime number?
True
Is 28953335 a prime number?
False
Is 133748047 composite?
True
Is 86235827 prime?
True
Is 199883377 a composite number?
False
Is 12887365 prime?
False
Is 244841669 prime?
True
Is 58476493 prime?
False
Is 11741329 a composite number?
False
Is 3028379 a composite number?
False
Is 2565655 prime?
False
Is 7868677 prime?
True
Is 425358267 prime?
False
Is 1502141 a composite number?
False
Is 3938513 a prime number?
True
Is 10697849 composite?
False
Is 314893 composite?
True
Is 53388089 prime?
True
Is 616013317 prime?
False
Is 5576537 a prime number?
True
Is 535251373 composite?
False
Is 11776703 prime?
True
Is 3082227 a composite number?
True
Is 79076359 a composite number?
True
Is 29295611 a composite number?
False
Is 100379 prime?
True
Is 14995 prime?
False
Is 85148939 prime?
True
Is 3763969 composite?
True
Is 28412093 composite?
True
Is 11987743 a prime number?
True
Is 39168781 a composite number?
False
Is 6587683 composite?
True
Is 70190879 a composite number?
True
Is 735101 a composite number?
True
Is 27504143 prime?
True
Is 12494107 a composite number?
False
Is 121003 a composite number?
True
Is 20749493 prime?
True
Is 253499 composite?
True
Is 1253573 composite?
True
Is 717143651 composite?
True
Is 97631869 prime?
True
Is 3883591 a composite number?
False
Is 646847 composite?
True
Is 13752611 a composite number?
False
Is 114339607 composite?
True
Is 42029681 a prime number?
False
Is 10013041 a prime number?
False
Is 4459643 composite?
True
Is 57194021 prime?
True
Is 52575137 prime?
True
Is 10416239 prime?
False
Is 280402099 a composite number?
True
Is 247021727 a composite number?
False
Is 9355373 composite?
True
Is 233002657 prime?
False
Is 5597923 composite?
True
Is 19945843 a prime number?
True
Is 10603027 composite?
False
Is 1241481 composite?
True
Is 1151113 prime?
True
Is 1141323 prime?
False
Is 3339229 prime?
True
Is 5136977 prime?
True
Is 3129011 a composite number?
False
Is 1200077 a prime number?
True
Is 1244083 composite?
False
Is 19697845 composite?
True
Is 15157799 prime?
False
Is 45350417 a composite number?
True
Is 2391923 a prime number?
False
Is 1398421 a prime number?
True
Is 10480793 a prime number?
False
Is 718969 composite?
True
Is 6023029 composite?
False
Is 30648793 composite?
True
Is 33097241 a composite number?
False
Is 90259046 prime?
False
Is 107488423 a composite number?
True
Is 144248573 a prime number?
False
Is 436913 a composite number?
False
Is 46852939 prime?
False
Is 1959817 a prime number?
False
Is 4960079 a prime number?
False
Is 1670213 a prime number?
True
Is 656023 composite?
False
Is 1271323 a composite number?
True
Is 251327 a prime number?
False
Is 12129199 a composite number?
True
Is 220356337 a composite number?
False
Is 5357362 prime?
False
Is 53702801 prime?
True
Is 36620042 composite?
True
Is 11925803 composite?
True
Is 1057079 a composite number?
True
Is 3996059 a prime number?
True
Is 201006777 a composite number?
True
Is 413911 a composite number?
False
Is 3178547 a prime number?
False
Is 65177729 a prime number?
True
Is 4412927 composite?
False
Is 169376903 a prime number?
True
Is 46089461 composite?
True
Is 1200434 a prime number?
False
Is 1933507 prime?
False
Is 5701461 a prime number?
False
Is 1938553 prime?
True
Is 30081289 composite?
True
Is 1956109 prime?
True
Is 150699847 a prime number?
False
Is 79817453 composite?
False
Is 17374087 prime?
False
Is 2422117 prime?
False
Is 3408473 composite?
False
Is 14287015 composite?
True
Is 1888949 composite?
True
Is 18608701 a composite number?
True
Is 19301959 prime?
True
Is 5559251 composite?
False
Is 185142701 a composite number?
False
Is 227789 